{"id":9276,"date":"2023-11-13T19:35:56","date_gmt":"2023-11-13T19:35:56","guid":{"rendered":"https:\/\/resitransgroup.com\/portal\/?post_type=product&#038;p=9276"},"modified":"2025-11-26T16:25:31","modified_gmt":"2025-11-26T16:25:31","slug":"balon-de-gas-reciclador","status":"publish","type":"product","link":"https:\/\/resitransgroup.com\/portal\/producto\/balon-de-gas-reciclador\/","title":{"rendered":"BALON DE GAS RECICLADOR DE 600 LTS"},"content":{"rendered":"<p><strong>BALON DE GAS RECICLADOR DE 600 LTS<\/strong><\/p>\n","protected":false},"excerpt":{"rendered":"<p><strong>Caracter\u00edsticas:<\/strong><\/p>\n<ul>\n<li>Estructura con tubo met\u00e1lico y malla electrosoldada N\u00b0 12 de 2&#8243;x2&#8243;.<\/li>\n<li>Acabado pintura electrost\u00e1tica al horno de alta duraci\u00f3n y resistencia a la corrosi\u00f3n.<\/li>\n<li>Medidas: 90 cm de di\u00e1metro x 1.60 m de alto.<\/li>\n<li>Ideal para empresas de grifos y distribuidor de gas.<\/li>\n<\/ul>\n","protected":false},"featured_media":9351,"comment_status":"open","ping_status":"closed","template":"","meta":[],"product_brand":[],"product_cat":[98],"product_tag":[],"class_list":{"0":"post-9276","1":"product","2":"type-product","3":"status-publish","4":"has-post-thumbnail","6":"product_cat-manejo-de-residuos","8":"first","9":"instock","10":"taxable","11":"shipping-taxable","12":"product-type-simple"},"_links":{"self":[{"href":"https:\/\/resitransgroup.com\/portal\/wp-json\/wp\/v2\/product\/9276","targetHints":{"allow":["GET"]}}],"collection":[{"href":"https:\/\/resitransgroup.com\/portal\/wp-json\/wp\/v2\/product"}],"about":[{"href":"https:\/\/resitransgroup.com\/portal\/wp-json\/wp\/v2\/types\/product"}],"replies":[{"embeddable":true,"href":"https:\/\/resitransgroup.com\/portal\/wp-json\/wp\/v2\/comments?post=9276"}],"version-history":[{"count":4,"href":"https:\/\/resitransgroup.com\/portal\/wp-json\/wp\/v2\/product\/9276\/revisions"}],"predecessor-version":[{"id":9395,"href":"https:\/\/resitransgroup.com\/portal\/wp-json\/wp\/v2\/product\/9276\/revisions\/9395"}],"wp:featuredmedia":[{"embeddable":true,"href":"https:\/\/resitransgroup.com\/portal\/wp-json\/wp\/v2\/media\/9351"}],"wp:attachment":[{"href":"https:\/\/resitransgroup.com\/portal\/wp-json\/wp\/v2\/media?parent=9276"}],"wp:term":[{"taxonomy":"product_brand","embeddable":true,"href":"https:\/\/resitransgroup.com\/portal\/wp-json\/wp\/v2\/product_brand?post=9276"},{"taxonomy":"product_cat","embeddable":true,"href":"https:\/\/resitransgroup.com\/portal\/wp-json\/wp\/v2\/product_cat?post=9276"},{"taxonomy":"product_tag","embeddable":true,"href":"https:\/\/resitransgroup.com\/portal\/wp-json\/wp\/v2\/product_tag?post=9276"}],"curies":[{"name":"wp","href":"https:\/\/api.w.org\/{rel}","templated":true}]}}